d o.
9
Let n be (-2)/(-5) - 13/(-5). Let m be n + (0/2 - 1). Calculate the greatest common divisor of 2 and m.
2
Let s(p) = p**3 - 8*p**2 + 9*p - 2. Let l be s(7). What is the highest common factor of l and 12?
12
Let x be (-2 + 1)/1 - 16. Suppose 2*y - 28 = 2*q, 0*y + 38 = -5*q - 3*y. Let m = q - x. What is the highest common divisor of 28 and m?
7
Let l be 7/(35/(-50))*-1. Calculate the greatest common factor of l and 110.
10
Suppose 3*g = 4*k + 723, -3*k - 496 = -2*g - 5*k. Suppose 3*l - 77 = -v, 5*v - 5*l = 2*v + g. Let w = -88 - -104. What is the highest common divisor of w and v?
16
Suppose -2 = -3*g - g + 2*i, 0 = 5*i - 15. Suppose -4*f + 5 = 3*o, g*o - 13 = 2*f - 5. Let s be -2 + (-6)/o + 16. What is the highest common factor of s and 12?
12
Suppose 0*c - 3*c + 9 = 0. Let s = -2 + c. Let f = 3 + -2. Calculate the greatest common divisor of s and f.
1
Let h be (4/(-6))/(4/(-30)). Let r be -28*h/(40/(-18)). Calculate the greatest common divisor of 7 and r.
7
Let h = 10 + 5. Calculate the greatest common divisor of 30 and h.
15
Suppose 0 = -3*r + 3*v + 18, 0 = 4*r - 7*r + 2*v + 15. Suppose -3*b - 7 = -5*j - 24, -3*j = 3*b - 33. What is the greatest common divisor of r and b?
3
Let u(y) = 0*y + 6*y**2 + 2*y - 3*y**2 - y. Let x be u(2). What is the greatest common divisor of x and 14?
14
Let n be ((-30)/20)/(((-9)/(-26))/(-3)). What is the greatest common factor of n and 221?
13
Let n be (-6)/((-2 - -1)/3). Suppose -4*w - 2*j = -110, 0 = 3*w + 4*j - j - 84. What is the highest common factor of w and n?
9
Let z(n) be the first derivative of n**4/4 + n**2/2 + 10*n + 8. Let r be z(0). What is the highest common divisor of r and 20?
10
Suppose 0 = u - 4*u + 36. Suppose -4*x + 36 = -u. What is the highest common divisor of 60 and x?
12
Suppose -3*w + 2*k + 22 = -4, 0 = -3*w + 4*k + 22. Calculate the greatest common factor of 130 and w.
10
Suppose 11*g = -91 + 707. What is the highest common divisor of g and 7?
7
Suppose c - 72 = -2*b, 0 = 3*b - c - 95 - 23. Let v be 1/((2 - 1)/57). What is the greatest common divisor of b and v?
19
Suppose 0*y + 395 = 5*y + 5*u, 0 = -3*y + u + 241. Calculate the highest common divisor of y and 10.
10
Let z(q) = q**3 - 4*q**2 - 8*q + 7. Let k be z(6). Let t = k - 1. Suppose 32 = 4*u - 48. What is the highest common factor of t and u?
10
Suppose q = -0*q + 16. What is the highest common factor of 96 and q?
16
Suppose 0 = 3*s - 20 + 8. Let o be -2 - ((-116)/s + 1). What is the highest common factor of o and 39?
13
Let c(s) = s**3 - 9*s**2 - 8*s - 11. Let z be c(10). Suppose -4*o - 3*m + 147 = 0, 2*o - 3*o = -4*m - 32. Calculate the highest common factor of z and o.
9
Suppose -100 = -0*i - 5*i. Let d = i + -10. Calculate the greatest common divisor of 4 and d.
2
Suppose y = -3*y + 2*i + 52, -4*y + 4*i = -56. What is the greatest common divisor of 36 and y?
12
Let g be 6 + (-2)/(-1) + -4. Suppose g*z - 19 = -3. Suppose z*l = 3*i - 20, 0 = -l - 3*l + 4. What is the highest common divisor of 1 and i?
1
Let u(c) = -c**2 - 4*c - 2. Let t be u(-3). Let g be 0/(3/t) + 23. Let y be (-4)/(-10) - g/(-5). Calculate the highest common factor of y and 25.
5
Suppose -4*d + 68 = 4*q - 0*d, 0 = 5*d - 15. Calculate the highest common divisor of 70 and q.
14
Let f be (-154)/8 - (-4)/16. Let r be f/(-1*4/4). What is the highest common divisor of 95 and r?
19
Let h = -20 + 14. Let z(n) = -n - 1. Let d be z(h). Calculate the greatest common factor of 25 and d.
5
Suppose 2*l - a - 442 = 3*a, 0 = 5*a - 25. Suppose l = 2*r + r. What is the highest common divisor of r and 11?
11
Let o(u) = -u**2 + 6*u - 6. Let z be o(3). Let f = 13 + z. What is the highest common factor of f and 8?
8
Suppose -20 = -5*l - 2*q, 4*q - 2*q - 2 = 4*l. What is the greatest common divisor of 2 and l?
2
Let f be (-6 - -5) + (-2 - -1). Let y be -3 - (6 + f - 8). Let q be -1 - (-5 + 0 + 1). Calculate the greatest common factor of y and q.
1
Let s = 12 + -4. Suppose 2*n + 14 = -4*b, 3*b + 2*n = -0*b - 11. Let z(p) = -28*p + 4. Let o be z(b). Calculate the greatest common factor of o and s.
8
Suppose -3*d = 5*t - 2*d - 95, d = 5*t - 105. Let b(v) = -t*v + 0 + 0. Let n be b(-1). Calculate the highest common divisor of 4 and n.
4
Suppose -5*x + 37 = -23. Let b(n) = n**2 - 9*n + 6. Let z be b(9). Calculate the greatest common divisor of z and x.
6
Let p = 12 + -4. What is the greatest common divisor of p and 8?
8
Let k be (-96)/(-7) + 2/7. Let v = k + 19. Calculate the greatest common divisor of 3 and v.
3
Let p be (3 + -7)/4 - -13. What is the highest common factor of p and 12?
12
Let s(q) = q**2 + 5. Let a be s(7). Suppose 36 = -0*j + j. Calculate the greatest common factor of j and a.
18
Suppose -b - 2 = -4. Suppose -b*w + 30 = -32. Let k = w + -11. What is the highest common factor of 50 and k?
10
Let c be ((-1)/(-2))/(2/176). What is the highest common factor of c and 4?
4
Let p(v) = -24*v + 14. Let g be p(-7). Calculate the greatest common factor of 26 and g.
26
Let c(k) = -2*k**2 + 11*k - 4. Let l be c(3). What is the greatest common factor of 55 and l?
11
Let b(l) = l**2 - l - 2. Let o = -10 + 7. Let w be b(o). Let d = w - -3. What is the greatest common divisor of d and 13?
13
Let p = 79 - 73. Calculate the highest common divisor of p and 3.
3
Let y be 2/(((-1)/(-10))/((-36)/(-24))). Let q = -7 + 19. Calculate the highest common factor of y and q.
6
Let z(o) = o + 11. Let k be z(6). What is the greatest common divisor of k and 85?
17
Suppose 5*h - 3*q - 57 = 1, -2*h - 4*q = -18. What is the highest common divisor of h and 11?
11
Suppose 2*t + 4 = 8. Suppose t*g - 200 = -2*z, -g + 28 = -z - 70. Let c be (-58)/(-6) - (-6)/(-9). Calculate the greatest common divisor of c and g.
9
Suppose 2*r = -0*f - 4*f + 34, 4*r = 4*f - 52. What is the greatest common divisor of 80 and f?
10
Let j(b) = -b**3 + 24*b**2 + 26*b - 10. Let s be j(25). Calculate the greatest common divisor of 40 and s.
5
Suppose 3*s + 1810 - 693 = 5*j, s = 3*j - 671. What is the greatest common factor of 32 and j?
32
Suppose -3*s = 8 + 4. Let y be (-92)/(-6) + s/12. Calculate the greatest common divisor of 75 and y.
15
Let y be (286/65)/(2/40). What is the highest common divisor of y and 11?
11
Let c be (-3794)/(-35) + (-2)/5. Let q(d) = -7*d - 2. Let r be q(-2). What is the greatest common divisor of r and c?
12
Let z be -1 + (1 - 63)/(-2). Calculate the highest common divisor of z and 12.
6
Let f(n) = -n**3 - 5*n**2 + n + 7. Let u(s) = -3*s + 1. Let r be u(2). Let g be f(r). Suppose g*j - 85 = 19. What is the highest common factor of j and 13?
13
Suppose -2*i = 2*b - 17 + 3, -i = -b + 1. Suppose 0 = 2*o - 5*p + 12, -4*p - 57 = b*o - 5. Let m = 17 + o. Calculate the highest common factor of 6 and m.
6
Suppose -5*x - 45 = -5*c, 0*x = 3*c - 2*x - 23. Calculate the greatest common divisor of c and 5.
5
Suppose 8 = 4*n + 2*c, 0 = -n + c + 3*c - 16. Suppose 3*b - 80 - 37 = n. What is the highest common divisor of 13 and b?
13
Suppose -27*f + 28*f = 50. Let d be (-2)/(-4)*(-20)/(-1). Suppose -g + 2*g - d = 0. What is the highest common divisor of f and g?
10
Let y be ((-18)/(-15))/((-6)/(-100)). What is the greatest common factor of 20 and y?
20
Suppose -3*q + 42 = -30. Calculate the highest common divisor of 6 and q.
6
Let a(v) = 2*v**3 + 15*v**2 + 3*v - 20. Let l be a(-7). Let h(q) = 55*q**3 + q. Let t be h(1). Calculate the greatest common divisor of l and t.
8
Let u(c) = c**3 + 18*c**2 + 2. Let l be u(-18). What is the highest common divisor of l and 4?
2
Let s be ((-16)/24)/(2/(-429)). Calculate the highest common factor of 13 and s.
13
Let z = -23 + 38. Suppose -4*d + z = -1. Calculate the greatest common factor of 1 and d.
1
Suppose 5*d = 3*y - 77, 0*y + d = y - 29. Let a(s) = 22*s**2 + 4*s + 5. Let g be a(-2). Calculate the highest common factor of g and y.
17
Let k(p) = -p**2 - 5*p + 3. Let m be k(-4). Calculate the greatest common factor of m and 21.
7
Suppose -18 = -4*p + 2*j, -4*j = -2*p + 26 - 8. Let f = p + -3. Suppose f*m - 52 = -4*m. Calculate the highest common divisor of 91 and m.
13
Let d(n) = 9*n - 12. Let c be d(2). What is the highest common factor of 6 and c?
6
Let c be 240/(-6)*(-6)/5. Calculate the greatest common factor of c and 12.
12
Suppose -4*w = -4, 5*r - 19 = 3*r - 3*w. L